{"id":91,"date":"2020-12-18T07:28:52","date_gmt":"2020-12-18T07:28:52","guid":{"rendered":"http:\/\/lokalnegrupywsparcia.pl\/?page_id=91"},"modified":"2021-12-06T21:00:57","modified_gmt":"2021-12-06T21:00:57","slug":"lokalne-grupy-wsparcia","status":"publish","type":"page","link":"https:\/\/lokalnegrupywsparcia.pl\/index.php\/lokalne-grupy-wsparcia\/","title":{"rendered":"Lokalne Grupy Wsparcia"},"content":{"rendered":"\n<p>Dzisiaj pisz\u0119 szczeg\u00f3lnie do tych z Was, kt\u00f3rzy s\u0105 ju\u017c \u015bwiadomi&#8230; Dzisiaj prawdopodobnie wi\u0119kszo\u015b\u0107 z nas, Polak\u00f3w zosta\u0142a dotkni\u0119ta wsp\u00f3\u0142czesn\u0105 rzeczywisto\u015bci\u0105, a to jest dopiero pocz\u0105tek tego co b\u0119dzie. Pocz\u0105tek nowej rzeczywisto\u015bci bez wsparcia ze strony kogokolwiek.<\/p>\n\n\n\n<p>Dzisiaj coraz bardziej dociera do nas, \u017ce musimy \u0142\u0105czy\u0107 si\u0142y w lokalnych spo\u0142eczno\u015bciach, w kt\u00f3rych b\u0119dziemy sobie nawzajem pomaga\u0107. W spo\u0142eczno\u015bciach, w kt\u00f3rych b\u0119dziemy wymienia\u0107 si\u0119 umiej\u0119tno\u015bciami, dobr\u0105 rad\u0105, pomoc\u0105, szeroko rozumianym wsparciem.<\/p>\n\n\n\n<p>Nie ka\u017cdy z nas posiada wszystkie umiej\u0119tno\u015bci pozwalaj\u0105ce przetrwa\u0107 w trudnych czasach. Nie ka\u017cdy z nas posiada chocia\u017cby mo\u017cliwo\u015bci aby m\u00f3c samodzielnie sprosta\u0107 trudno\u015bciom.<\/p>\n\n\n\n<p>Kluczowym elementem tego wsparcia jak r\u00f3wnie\u017c egzystencji ka\u017cdego z nas jest po\u017cywienie. Mo\u017ce ono by\u0107 szczeg\u00f3lnie trudne do zdobycia w najbli\u017cszym czasie przez mieszka\u0144c\u00f3w miast.<\/p>\n\n\n\n<p>Nie b\u0119d\u0119 si\u0119 rozwodzi\u0142 na ten temat. Zauwa\u017ccie tylko sk\u0105d jest po\u017cywienie w miastach i jak \u0142atwo jest ograniczy\u0107 dostawy pod jakim\u015b pretekstem. Ma\u0142e, rodzinne sklepiki ju\u017c prawie nie istniej\u0105 albo zaraz przestan\u0105 istnie\u0107. Powoli upada wszystko to co dawa\u0142o nam utrzymanie.<\/p>\n\n\n\n<p>P\u00f3ki co \u0142atwiej jest i b\u0119dzie przez jaki\u015b czas z po\u017cywieniem na wsiach, szczeg\u00f3lnie na tych gdzie rolnikom si\u0119 jeszcze chce cokolwiek robi\u0107. Szczeg\u00f3lnie na tych, gdzie rolnik\u00f3w nie zepsu\u0142y dotacje.<br>Oj, pieni\u0105dze bardzo psuj\u0105 ludzi.<\/p>\n\n\n\n<p>Dzisiaj chocia\u017cby pod tym wzgl\u0119dem miasta i wsie musz\u0105 si\u0119 na wzajem wspiera\u0107.<\/p>\n\n\n\n<p>Rolnictwo b\u0119dzie si\u0119 odradza\u0107, chocia\u017cby ze wzgl\u0119du na to, \u017ce coraz ci\u0119\u017cej b\u0119dzie o prac\u0119 gdzie\u015b w mie\u015bcie albo za granic\u0105.<\/p>\n\n\n\n<p>Rolnictwo musie si\u0119 odrodzi\u0107 i temu odrodzeniu musimy pom\u00f3c wszyscy, bez wyj\u0105tku.<\/p>\n\n\n\n<p>Tak na marginesie wspomn\u0119 jeszcze o \u017cywno\u015bci, tej obecnej, ona jest bardzo zatruta!!! Zatruta w miastach, poniewa\u017c ludzie nie maj\u0105 wp\u0142ywu na to czym s\u0105 karmieni a na wsiach bo sami si\u0119 truj\u0105 stosuj\u0105c tak zwane &#8222;\u015brodki ochrony ro\u015blin&#8221;. Prosz\u0119 nie \u0142\u0105czy\u0107 w tym kontek\u015bcie miasta ze wsi\u0105. \u017bywno\u015b\u0107 ze wsi obecnie nie trafia do sklep\u00f3w w Polskich miastach.<\/p>\n\n\n\n<p>\u017beby \u017cy\u0107, zdrowo \u017cy\u0107, musimy sami zacz\u0105\u0107 wytwarza\u0107 \u017cywno\u015b\u0107!!! Mo\u017ce w tych lokalnych spo\u0142eczno\u015bciach? Sposob\u00f3w jest wiele.<\/p>\n\n\n\n<p>Teraz kilka s\u0142\u00f3w do tych z Was, kt\u00f3rzy jeszcze nie wierz\u0105, albo nie dostrzegaj\u0105 \u017ce narasta jakiekolwiek zagro\u017cenie. Wcze\u015bniej czy p\u00f3\u017aniej zauwa\u017cycie, ka\u017cdego dotnie jaka\u015b niedogodno\u015b\u0107 \u017cyciowa wymuszona na Was i bez wzgl\u0119du na czas, w kt\u00f3rym to nast\u0105pi, szukajcie takich lokalnych spo\u0142eczno\u015bci wok\u00f3\u0142 siebie, w swoim najbli\u017cszym otoczeniu i wspierajcie si\u0119 na wzajem.<\/p>\n\n\n\n<p>Ka\u017cdy z nas co\u015b potrafi robi\u0107, co\u015b czym mo\u017ce wesprze\u0107 swoj\u0105 lokaln\u0105 spo\u0142eczno\u015b\u0107.<\/p>\n\n\n\n<p>Tak czy inaczej dzisiaj jest ten czas, w kt\u00f3rym musimy si\u0119 jednoczy\u0107, tak mocno jak mocno pr\u00f3buj\u0105 nas podzieli\u0107. \u017beby zjednoczenie nasze mog\u0142o by\u0107 skuteczne musimy wyzby\u0107 si\u0119 jakichkolwiek podzia\u0142\u00f3w. Postrzegajmy drugiego cz\u0142owieka wprost jak cz\u0142owieka a nie przez pryzmat stanowiska zawodowego, pieni\u0119dzy, religii i innych. Zobaczycie, niebawem, wi\u0119kszo\u015b\u0107 tych &#8222;zaszczyt\u00f3w&#8221; pry\u015bnie jak ba\u0144ka mydlana i wi\u0119kszo\u015b\u0107 z nas stanie si\u0119 tylko szarymi lud\u017ami nikomu do niczego nie potrzebnymi. Szczeg\u00f3lnie ucierpi\u0105 na tym wszyscy obecni &#8222;urz\u0119dnicy pa\u0144stwowi&#8221;.<\/p>\n\n\n\n<p>Tylko od nas zale\u017cy jak\u0105 przysz\u0142o\u015b\u0107 sobie wykreujemy. Dzisiaj musimy budowa\u0107 Polsk\u0119 od nowa jak po wojnie!!! Pomimo tego, \u017ce wojna jeszcze trwa to odbudow\u0119 t\u0105 czas najwy\u017cszy zacz\u0105\u0107!!! Oddaj\u0119 do Waszej dyspozycji wst\u0119pnie przygotowane Lokalne Grupy Wsparcia, w kt\u00f3rych mo\u017cecie nawi\u0105za\u0107 pierwsze kontakty i ju\u017c w \u015bwiecie rzeczywistym zacz\u0105\u0107 si\u0119 realnie wspiera\u0107.<\/p>\n\n\n\n<p>Wspiera\u0107, w ka\u017cdym aspekcie \u017cycia.<\/p>\n\n\n\n<p>Po\u0142\u0105czmy tak ca\u0142\u0105 Polsk\u0119, ponad wszelkimi podzia\u0142am!!! I pami\u0119tajmy zawsze o tym, \u017ce wszyscy jeste\u015bmy r\u00f3wni, bez wyj\u0105tk\u00f3w a ju\u017c szczeg\u00f3lnie na pewno nikt nie jest lepszy od kogokolwiek ze wzgl\u0119du na zasobno\u015b\u0107 portfela albo tytu\u0142u b\u0105d\u017a wysokich sto\u0142k\u00f3w, na kt\u00f3rych zasiada.<\/p>\n\n\n\n<p>Rodzimy si\u0119 goli i umieramy goli a w mi\u0119dzy czasie musimy by\u0107 cz\u0142owiekiem!!! Nie patrzmy na lider\u00f3w, sami kreujmy swoj\u0105 rzeczywisto\u015b\u0107 p\u00f3ki jeszcze mo\u017cemy!!! W lokalnych spo\u0142eczno\u015bciach!!!<\/p>\n\n\n\n<p>Pozdrawiam Was i \u017cycz\u0119 udanego ratowania Polski.<br>Udanego ratowania nas samych.<\/p>\n\n\n\n<p>Pawe\u0142 Zemsta<\/p>\n\n\n\n<div class=\"wp-block-image\"><figure class=\"aligncenter size-large\"><a href=\"https:\/\/www.facebook.com\/groups\/399939334474120\" target=\"_blank\" rel=\"noreferrer noopener\"><img fetchpriority=\"high\" decoding=\"async\" width=\"1024\" height=\"409\" src=\"http:\/\/lokalnegrupywsparcia.pl\/wp-content\/uploads\/2020\/12\/lubelskagrupawsparciabanerfb2-1024x409.png\" alt=\"\" class=\"wp-image-124\" srcset=\"https:\/\/lokalnegrupywsparcia.pl\/wp-content\/uploads\/2020\/12\/lubelskagrupawsparciabanerfb2-1024x409.png 1024w, https:\/\/lokalnegrupywsparcia.pl\/wp-content\/uploads\/2020\/12\/lubelskagrupawsparciabanerfb2-300x120.png 300w, https:\/\/lokalnegrupywsparcia.pl\/wp-content\/uploads\/2020\/12\/lubelskagrupawsparciabanerfb2-768x307.png 768w, https:\/\/lokalnegrupywsparcia.pl\/wp-content\/uploads\/2020\/12\/lubelskagrupawsparciabanerfb2-1536x614.png 1536w, https:\/\/lokalnegrupywsparcia.pl\/wp-content\/uploads\/2020\/12\/lubelskagrupawsparciabanerfb2-2048x819.png 2048w\" sizes=\"(max-width: 1024px) 100vw, 1024px\" \/><\/a><\/figure><\/div>\n\n\n\n<div class=\"wp-block-image\"><figure class=\"aligncenter size-large\"><a href=\"https:\/\/www.facebook.com\/groups\/3665655290165008\" target=\"_blank\" rel=\"noreferrer noopener\"><img decoding=\"async\" width=\"1024\" height=\"409\" src=\"http:\/\/lokalnegrupywsparcia.pl\/wp-content\/uploads\/2020\/12\/kujawsko-pomorskagrupawsparciabanerfb2-1024x409.png\" alt=\"\" class=\"wp-image-121\" srcset=\"https:\/\/lokalnegrupywsparcia.pl\/wp-content\/uploads\/2020\/12\/kujawsko-pomorskagrupawsparciabanerfb2-1024x409.png 1024w, https:\/\/lokalnegrupywsparcia.pl\/wp-content\/uploads\/2020\/12\/kujawsko-pomorskagrupawsparciabanerfb2-300x120.png 300w, https:\/\/lokalnegrupywsparcia.pl\/wp-content\/uploads\/2020\/12\/kujawsko-pomorskagrupawsparciabanerfb2-768x307.png 768w, https:\/\/lokalnegrupywsparcia.pl\/wp-content\/uploads\/2020\/12\/kujawsko-pomorskagrupawsparciabanerfb2-1536x614.png 1536w, https:\/\/lokalnegrupywsparcia.pl\/wp-content\/uploads\/2020\/12\/kujawsko-pomorskagrupawsparciabanerfb2-2048x819.png 2048w\" sizes=\"(max-width: 1024px) 100vw, 1024px\" \/><\/a><\/figure><\/div>\n\n\n\n<div class=\"wp-block-group is-layout-flow wp-block-group-is-layout-flow\">\n<div class=\"wp-block-image\"><figure class=\"aligncenter size-large\"><a href=\"https:\/\/www.facebook.com\/groups\/408090990435034\" target=\"_blank\" rel=\"noreferrer noopener\"><img decoding=\"async\" width=\"1024\" height=\"409\" src=\"http:\/\/lokalnegrupywsparcia.pl\/wp-content\/uploads\/2020\/12\/wielkopolskagrupawsparciabanerfb2-1024x409.png\" alt=\"\" class=\"wp-image-136\" srcset=\"https:\/\/lokalnegrupywsparcia.pl\/wp-content\/uploads\/2020\/12\/wielkopolskagrupawsparciabanerfb2-1024x409.png 1024w, https:\/\/lokalnegrupywsparcia.pl\/wp-content\/uploads\/2020\/12\/wielkopolskagrupawsparciabanerfb2-300x120.png 300w, https:\/\/lokalnegrupywsparcia.pl\/wp-content\/uploads\/2020\/12\/wielkopolskagrupawsparciabanerfb2-768x307.png 768w, https:\/\/lokalnegrupywsparcia.pl\/wp-content\/uploads\/2020\/12\/wielkopolskagrupawsparciabanerfb2-1536x614.png 1536w, https:\/\/lokalnegrupywsparcia.pl\/wp-content\/uploads\/2020\/12\/wielkopolskagrupawsparciabanerfb2-2048x819.png 2048w\" sizes=\"(max-width: 1024px) 100vw, 1024px\" \/><\/a><\/figure><\/div>\n<\/div>\n\n\n\n<div class=\"wp-block-image\"><figure class=\"aligncenter size-large\"><a href=\"https:\/\/www.facebook.com\/groups\/361840778452139\" target=\"_blank\" rel=\"noreferrer noopener\"><img loading=\"lazy\" decoding=\"async\" width=\"1024\" height=\"409\" src=\"http:\/\/lokalnegrupywsparcia.pl\/wp-content\/uploads\/2020\/12\/zachodniopomorskagrupawsparciabanerfb2-1024x409.png\" alt=\"\" class=\"wp-image-138\" srcset=\"https:\/\/lokalnegrupywsparcia.pl\/wp-content\/uploads\/2020\/12\/zachodniopomorskagrupawsparciabanerfb2-1024x409.png 1024w, https:\/\/lokalnegrupywsparcia.pl\/wp-content\/uploads\/2020\/12\/zachodniopomorskagrupawsparciabanerfb2-300x120.png 300w, https:\/\/lokalnegrupywsparcia.pl\/wp-content\/uploads\/2020\/12\/zachodniopomorskagrupawsparciabanerfb2-768x307.png 768w, https:\/\/lokalnegrupywsparcia.pl\/wp-content\/uploads\/2020\/12\/zachodniopomorskagrupawsparciabanerfb2-1536x614.png 1536w, https:\/\/lokalnegrupywsparcia.pl\/wp-content\/uploads\/2020\/12\/zachodniopomorskagrupawsparciabanerfb2-2048x819.png 2048w\" sizes=\"(max-width: 1024px) 100vw, 1024px\" \/><\/a><\/figure><\/div>\n\n\n\n<div class=\"wp-block-image\"><figure class=\"aligncenter size-large\"><a href=\"https:\/\/www.facebook.com\/groups\/404125477627344\" target=\"_blank\" rel=\"noreferrer noopener\"><img loading=\"lazy\" decoding=\"async\" width=\"1024\" height=\"409\" src=\"http:\/\/lokalnegrupywsparcia.pl\/wp-content\/uploads\/2020\/12\/swietokrzyskagrupawsparciabanerfb2-1024x409.png\" alt=\"\" class=\"wp-image-134\" srcset=\"https:\/\/lokalnegrupywsparcia.pl\/wp-content\/uploads\/2020\/12\/swietokrzyskagrupawsparciabanerfb2-1024x409.png 1024w, https:\/\/lokalnegrupywsparcia.pl\/wp-content\/uploads\/2020\/12\/swietokrzyskagrupawsparciabanerfb2-300x120.png 300w, https:\/\/lokalnegrupywsparcia.pl\/wp-content\/uploads\/2020\/12\/swietokrzyskagrupawsparciabanerfb2-768x307.png 768w, https:\/\/lokalnegrupywsparcia.pl\/wp-content\/uploads\/2020\/12\/swietokrzyskagrupawsparciabanerfb2-1536x614.png 1536w, https:\/\/lokalnegrupywsparcia.pl\/wp-content\/uploads\/2020\/12\/swietokrzyskagrupawsparciabanerfb2-2048x819.png 2048w\" sizes=\"(max-width: 1024px) 100vw, 1024px\" \/><\/a><figcaption><a href=\"https:\/\/lokalnegrupywsparcia.pl\/index.php\/swietokrzyska-grupa-wsparcia\/\" data-type=\"URL\" data-id=\"https:\/\/lokalnegrupywsparcia.pl\/index.php\/swietokrzyska-grupa-wsparcia\/\" target=\"_blank\" rel=\"noreferrer noopener\">strona \u015bwi\u0119tokrzyskiej grupy<\/a><\/figcaption><\/figure><\/div>\n\n\n\n<div class=\"wp-block-image\"><figure class=\"aligncenter size-large\"><a href=\"https:\/\/www.facebook.com\/groups\/208751813982318\" target=\"_blank\" rel=\"noreferrer noopener\"><img loading=\"lazy\" decoding=\"async\" width=\"1024\" height=\"409\" src=\"http:\/\/lokalnegrupywsparcia.pl\/wp-content\/uploads\/2020\/12\/slaskagrupawsparciabanerfb2-1024x409.png\" alt=\"\" class=\"wp-image-132\" srcset=\"https:\/\/lokalnegrupywsparcia.pl\/wp-content\/uploads\/2020\/12\/slaskagrupawsparciabanerfb2-1024x409.png 1024w, https:\/\/lokalnegrupywsparcia.pl\/wp-content\/uploads\/2020\/12\/slaskagrupawsparciabanerfb2-300x120.png 300w, https:\/\/lokalnegrupywsparcia.pl\/wp-content\/uploads\/2020\/12\/slaskagrupawsparciabanerfb2-768x307.png 768w, https:\/\/lokalnegrupywsparcia.pl\/wp-content\/uploads\/2020\/12\/slaskagrupawsparciabanerfb2-1536x614.png 1536w, https:\/\/lokalnegrupywsparcia.pl\/wp-content\/uploads\/2020\/12\/slaskagrupawsparciabanerfb2-2048x819.png 2048w\" sizes=\"(max-width: 1024px) 100vw, 1024px\" \/><\/a><\/figure><\/div>\n\n\n\n<div class=\"wp-block-image\"><figure class=\"aligncenter size-large\"><a href=\"https:\/\/www.facebook.com\/groups\/3534458286629757\" target=\"_blank\" rel=\"noreferrer noopener\"><img loading=\"lazy\" decoding=\"async\" width=\"1024\" height=\"409\" src=\"http:\/\/lokalnegrupywsparcia.pl\/wp-content\/uploads\/2020\/12\/pomorskagrupawsparciabanerfb2-1024x409.png\" alt=\"\" class=\"wp-image-131\" srcset=\"https:\/\/lokalnegrupywsparcia.pl\/wp-content\/uploads\/2020\/12\/pomorskagrupawsparciabanerfb2-1024x409.png 1024w, https:\/\/lokalnegrupywsparcia.pl\/wp-content\/uploads\/2020\/12\/pomorskagrupawsparciabanerfb2-300x120.png 300w, https:\/\/lokalnegrupywsparcia.pl\/wp-content\/uploads\/2020\/12\/pomorskagrupawsparciabanerfb2-768x307.png 768w, https:\/\/lokalnegrupywsparcia.pl\/wp-content\/uploads\/2020\/12\/pomorskagrupawsparciabanerfb2-1536x614.png 1536w, https:\/\/lokalnegrupywsparcia.pl\/wp-content\/uploads\/2020\/12\/pomorskagrupawsparciabanerfb2-2048x819.png 2048w\" sizes=\"(max-width: 1024px) 100vw, 1024px\" \/><\/a><\/figure><\/div>\n\n\n\n<div class=\"wp-block-image\"><figure class=\"aligncenter size-large\"><a href=\"https:\/\/www.facebook.com\/groups\/3473225482784897\" target=\"_blank\" rel=\"noreferrer noopener\"><img loading=\"lazy\" decoding=\"async\" width=\"1024\" height=\"409\" src=\"http:\/\/lokalnegrupywsparcia.pl\/wp-content\/uploads\/2020\/12\/dolnoslaskagrupawsparciabanerfb2-1024x409.png\" alt=\"\" class=\"wp-image-120\" srcset=\"https:\/\/lokalnegrupywsparcia.pl\/wp-content\/uploads\/2020\/12\/dolnoslaskagrupawsparciabanerfb2-1024x409.png 1024w, https:\/\/lokalnegrupywsparcia.pl\/wp-content\/uploads\/2020\/12\/dolnoslaskagrupawsparciabanerfb2-300x120.png 300w, https:\/\/lokalnegrupywsparcia.pl\/wp-content\/uploads\/2020\/12\/dolnoslaskagrupawsparciabanerfb2-768x307.png 768w, https:\/\/lokalnegrupywsparcia.pl\/wp-content\/uploads\/2020\/12\/dolnoslaskagrupawsparciabanerfb2-1536x614.png 1536w, https:\/\/lokalnegrupywsparcia.pl\/wp-content\/uploads\/2020\/12\/dolnoslaskagrupawsparciabanerfb2-2048x819.png 2048w\" sizes=\"(max-width: 1024px) 100vw, 1024px\" \/><\/a><\/figure><\/div>\n\n\n\n<div class=\"wp-block-image\"><figure class=\"aligncenter size-large\"><a href=\"https:\/\/www.facebook.com\/groups\/3464861180300135\" target=\"_blank\" rel=\"noreferrer noopener\"><img loading=\"lazy\" decoding=\"async\" width=\"1024\" height=\"409\" src=\"http:\/\/lokalnegrupywsparcia.pl\/wp-content\/uploads\/2020\/12\/lodzkagrupawsparciabanerfb2-1024x409.png\" alt=\"\" class=\"wp-image-122\" srcset=\"https:\/\/lokalnegrupywsparcia.pl\/wp-content\/uploads\/2020\/12\/lodzkagrupawsparciabanerfb2-1024x409.png 1024w, https:\/\/lokalnegrupywsparcia.pl\/wp-content\/uploads\/2020\/12\/lodzkagrupawsparciabanerfb2-300x120.png 300w, https:\/\/lokalnegrupywsparcia.pl\/wp-content\/uploads\/2020\/12\/lodzkagrupawsparciabanerfb2-768x307.png 768w, https:\/\/lokalnegrupywsparcia.pl\/wp-content\/uploads\/2020\/12\/lodzkagrupawsparciabanerfb2-1536x614.png 1536w, https:\/\/lokalnegrupywsparcia.pl\/wp-content\/uploads\/2020\/12\/lodzkagrupawsparciabanerfb2-2048x819.png 2048w\" sizes=\"(max-width: 1024px) 100vw, 1024px\" \/><\/a><\/figure><\/div>\n\n\n\n<div class=\"wp-block-image\"><figure class=\"aligncenter size-large\"><a href=\"https:\/\/www.facebook.com\/groups\/1416449852019940\" target=\"_blank\" rel=\"noreferrer noopener\"><img loading=\"lazy\" decoding=\"async\" width=\"1024\" height=\"409\" src=\"http:\/\/lokalnegrupywsparcia.pl\/wp-content\/uploads\/2020\/12\/podkarpackagrupawsparciabanerfb2-1024x409.png\" alt=\"\" class=\"wp-image-129\" srcset=\"https:\/\/lokalnegrupywsparcia.pl\/wp-content\/uploads\/2020\/12\/podkarpackagrupawsparciabanerfb2-1024x409.png 1024w, https:\/\/lokalnegrupywsparcia.pl\/wp-content\/uploads\/2020\/12\/podkarpackagrupawsparciabanerfb2-300x120.png 300w, https:\/\/lokalnegrupywsparcia.pl\/wp-content\/uploads\/2020\/12\/podkarpackagrupawsparciabanerfb2-768x307.png 768w, https:\/\/lokalnegrupywsparcia.pl\/wp-content\/uploads\/2020\/12\/podkarpackagrupawsparciabanerfb2-1536x614.png 1536w, https:\/\/lokalnegrupywsparcia.pl\/wp-content\/uploads\/2020\/12\/podkarpackagrupawsparciabanerfb2-2048x819.png 2048w\" sizes=\"(max-width: 1024px) 100vw, 1024px\" \/><\/a><\/figure><\/div>\n\n\n\n<div class=\"wp-block-image\"><figure class=\"aligncenter size-large\"><a href=\"https:\/\/www.facebook.com\/groups\/836677883794297\" target=\"_blank\" rel=\"noreferrer noopener\"><img loading=\"lazy\" decoding=\"async\" width=\"1024\" height=\"409\" src=\"http:\/\/lokalnegrupywsparcia.pl\/wp-content\/uploads\/2020\/12\/malopolskagrupawsparciabanerfb2-1024x409.png\" alt=\"\" class=\"wp-image-126\" srcset=\"https:\/\/lokalnegrupywsparcia.pl\/wp-content\/uploads\/2020\/12\/malopolskagrupawsparciabanerfb2-1024x409.png 1024w, https:\/\/lokalnegrupywsparcia.pl\/wp-content\/uploads\/2020\/12\/malopolskagrupawsparciabanerfb2-300x120.png 300w, https:\/\/lokalnegrupywsparcia.pl\/wp-content\/uploads\/2020\/12\/malopolskagrupawsparciabanerfb2-768x307.png 768w, https:\/\/lokalnegrupywsparcia.pl\/wp-content\/uploads\/2020\/12\/malopolskagrupawsparciabanerfb2-1536x614.png 1536w, https:\/\/lokalnegrupywsparcia.pl\/wp-content\/uploads\/2020\/12\/malopolskagrupawsparciabanerfb2-2048x819.png 2048w\" sizes=\"(max-width: 1024px) 100vw, 1024px\" \/><\/a><\/figure><\/div>\n\n\n\n<div class=\"wp-block-image\"><figure class=\"aligncenter size-large\"><a href=\"https:\/\/www.facebook.com\/groups\/641588146517031\" target=\"_blank\" rel=\"noreferrer noopener\"><img loading=\"lazy\" decoding=\"async\" width=\"1024\" height=\"409\" src=\"http:\/\/lokalnegrupywsparcia.pl\/wp-content\/uploads\/2020\/12\/podlaskagrupawsparciabanerfb2-1024x409.png\" alt=\"\" class=\"wp-image-130\" srcset=\"https:\/\/lokalnegrupywsparcia.pl\/wp-content\/uploads\/2020\/12\/podlaskagrupawsparciabanerfb2-1024x409.png 1024w, https:\/\/lokalnegrupywsparcia.pl\/wp-content\/uploads\/2020\/12\/podlaskagrupawsparciabanerfb2-300x120.png 300w, https:\/\/lokalnegrupywsparcia.pl\/wp-content\/uploads\/2020\/12\/podlaskagrupawsparciabanerfb2-768x307.png 768w, https:\/\/lokalnegrupywsparcia.pl\/wp-content\/uploads\/2020\/12\/podlaskagrupawsparciabanerfb2-1536x614.png 1536w, https:\/\/lokalnegrupywsparcia.pl\/wp-content\/uploads\/2020\/12\/podlaskagrupawsparciabanerfb2-2048x819.png 2048w\" sizes=\"(max-width: 1024px) 100vw, 1024px\" \/><\/a><\/figure><\/div>\n\n\n\n<div class=\"wp-block-image\"><figure class=\"aligncenter size-large\"><a href=\"https:\/\/www.facebook.com\/groups\/456448985514863\" target=\"_blank\" rel=\"noreferrer noopener\"><img loading=\"lazy\" decoding=\"async\" width=\"1024\" height=\"409\" src=\"http:\/\/lokalnegrupywsparcia.pl\/wp-content\/uploads\/2020\/12\/mazowieckagrupawsparciabanerfb2-1024x409.png\" alt=\"\" class=\"wp-image-127\" srcset=\"https:\/\/lokalnegrupywsparcia.pl\/wp-content\/uploads\/2020\/12\/mazowieckagrupawsparciabanerfb2-1024x409.png 1024w, https:\/\/lokalnegrupywsparcia.pl\/wp-content\/uploads\/2020\/12\/mazowieckagrupawsparciabanerfb2-300x120.png 300w, https:\/\/lokalnegrupywsparcia.pl\/wp-content\/uploads\/2020\/12\/mazowieckagrupawsparciabanerfb2-768x307.png 768w, https:\/\/lokalnegrupywsparcia.pl\/wp-content\/uploads\/2020\/12\/mazowieckagrupawsparciabanerfb2-1536x614.png 1536w, https:\/\/lokalnegrupywsparcia.pl\/wp-content\/uploads\/2020\/12\/mazowieckagrupawsparciabanerfb2-2048x819.png 2048w\" sizes=\"(max-width: 1024px) 100vw, 1024px\" \/><\/a><\/figure><\/div>\n\n\n\n<div class=\"wp-block-image\"><figure class=\"aligncenter size-large\"><a href=\"https:\/\/www.facebook.com\/groups\/409045256946725\" target=\"_blank\" rel=\"noreferrer noopener\"><img loading=\"lazy\" decoding=\"async\" width=\"1024\" height=\"409\" src=\"http:\/\/lokalnegrupywsparcia.pl\/wp-content\/uploads\/2020\/12\/warminsko-mazurskagrupawsparciabanerfb2-1024x409.png\" alt=\"\" class=\"wp-image-135\" srcset=\"https:\/\/lokalnegrupywsparcia.pl\/wp-content\/uploads\/2020\/12\/warminsko-mazurskagrupawsparciabanerfb2-1024x409.png 1024w, https:\/\/lokalnegrupywsparcia.pl\/wp-content\/uploads\/2020\/12\/warminsko-mazurskagrupawsparciabanerfb2-300x120.png 300w, https:\/\/lokalnegrupywsparcia.pl\/wp-content\/uploads\/2020\/12\/warminsko-mazurskagrupawsparciabanerfb2-768x307.png 768w, https:\/\/lokalnegrupywsparcia.pl\/wp-content\/uploads\/2020\/12\/warminsko-mazurskagrupawsparciabanerfb2-1536x614.png 1536w, https:\/\/lokalnegrupywsparcia.pl\/wp-content\/uploads\/2020\/12\/warminsko-mazurskagrupawsparciabanerfb2-2048x819.png 2048w\" sizes=\"(max-width: 1024px) 100vw, 1024px\" \/><\/a><\/figure><\/div>\n\n\n\n<div class=\"wp-block-image\"><figure class=\"aligncenter size-large\"><a href=\"https:\/\/www.facebook.com\/groups\/197189098644978\" target=\"_blank\" rel=\"noreferrer noopener\"><img loading=\"lazy\" decoding=\"async\" width=\"1024\" height=\"409\" src=\"http:\/\/lokalnegrupywsparcia.pl\/wp-content\/uploads\/2020\/12\/opolskagrupawsparciabanerfb2-1024x409.png\" alt=\"\" class=\"wp-image-128\" srcset=\"https:\/\/lokalnegrupywsparcia.pl\/wp-content\/uploads\/2020\/12\/opolskagrupawsparciabanerfb2-1024x409.png 1024w, https:\/\/lokalnegrupywsparcia.pl\/wp-content\/uploads\/2020\/12\/opolskagrupawsparciabanerfb2-300x120.png 300w, https:\/\/lokalnegrupywsparcia.pl\/wp-content\/uploads\/2020\/12\/opolskagrupawsparciabanerfb2-768x307.png 768w, https:\/\/lokalnegrupywsparcia.pl\/wp-content\/uploads\/2020\/12\/opolskagrupawsparciabanerfb2-1536x614.png 1536w, https:\/\/lokalnegrupywsparcia.pl\/wp-content\/uploads\/2020\/12\/opolskagrupawsparciabanerfb2-2048x819.png 2048w\" sizes=\"(max-width: 1024px) 100vw, 1024px\" \/><\/a><\/figure><\/div>\n\n\n\n<div class=\"wp-block-image\"><figure class=\"aligncenter size-large\"><a href=\"https:\/\/www.facebook.com\/groups\/179516437182334\" target=\"_blank\" rel=\"noreferrer noopener\"><img loading=\"lazy\" decoding=\"async\" width=\"1024\" height=\"409\" src=\"http:\/\/lokalnegrupywsparcia.pl\/wp-content\/uploads\/2020\/12\/lubuskagrupawsparciabanerfb2-1024x409.png\" alt=\"\" class=\"wp-image-125\" srcset=\"https:\/\/lokalnegrupywsparcia.pl\/wp-content\/uploads\/2020\/12\/lubuskagrupawsparciabanerfb2-1024x409.png 1024w, https:\/\/lokalnegrupywsparcia.pl\/wp-content\/uploads\/2020\/12\/lubuskagrupawsparciabanerfb2-300x120.png 300w, https:\/\/lokalnegrupywsparcia.pl\/wp-content\/uploads\/2020\/12\/lubuskagrupawsparciabanerfb2-768x307.png 768w, https:\/\/lokalnegrupywsparcia.pl\/wp-content\/uploads\/2020\/12\/lubuskagrupawsparciabanerfb2-1536x614.png 1536w, https:\/\/lokalnegrupywsparcia.pl\/wp-content\/uploads\/2020\/12\/lubuskagrupawsparciabanerfb2-2048x819.png 2048w\" sizes=\"(max-width: 1024px) 100vw, 1024px\" \/><\/a><\/figure><\/div>\n\n\n\n<div class=\"wp-block-image\"><figure class=\"aligncenter size-large\"><a href=\"https:\/\/www.facebook.com\/groups\/179516437182334\" target=\"_blank\" rel=\"noreferrer noopener\"><img loading=\"lazy\" decoding=\"async\" width=\"1024\" height=\"409\" src=\"http:\/\/lokalnegrupywsparcia.pl\/wp-content\/uploads\/2020\/12\/lubuskagrupawsparciabanerfb2-1024x409.png\" alt=\"\" class=\"wp-image-125\" srcset=\"https:\/\/lokalnegrupywsparcia.pl\/wp-content\/uploads\/2020\/12\/lubuskagrupawsparciabanerfb2-1024x409.png 1024w, https:\/\/lokalnegrupywsparcia.pl\/wp-content\/uploads\/2020\/12\/lubuskagrupawsparciabanerfb2-300x120.png 300w, https:\/\/lokalnegrupywsparcia.pl\/wp-content\/uploads\/2020\/12\/lubuskagrupawsparciabanerfb2-768x307.png 768w, https:\/\/lokalnegrupywsparcia.pl\/wp-content\/uploads\/2020\/12\/lubuskagrupawsparciabanerfb2-1536x614.png 1536w, https:\/\/lokalnegrupywsparcia.pl\/wp-content\/uploads\/2020\/12\/lubuskagrupawsparciabanerfb2-2048x819.png 2048w\" sizes=\"(max-width: 1024px) 100vw, 1024px\" \/><\/a><\/figure><\/div>\n","protected":false},"excerpt":{"rendered":"<p>Dzisiaj pisz\u0119 szczeg\u00f3lnie do tych z Was, kt\u00f3rzy s\u0105 ju\u017c \u015bwiadomi&#8230; Dzisiaj prawdopodobnie wi\u0119kszo\u015b\u0107 z&#8230;<\/p>\n","protected":false},"author":1,"featured_media":0,"parent":0,"menu_order":0,"comment_status":"closed","ping_status":"closed","template":"","meta":{"footnotes":""},"class_list":["post-91","page","type-page","status-publish","hentry"],"_links":{"self":[{"href":"https:\/\/lokalnegrupywsparcia.pl\/index.php\/wp-json\/wp\/v2\/pages\/91","targetHints":{"allow":["GET"]}}],"collection":[{"href":"https:\/\/lokalnegrupywsparcia.pl\/index.php\/wp-json\/wp\/v2\/pages"}],"about":[{"href":"https:\/\/lokalnegrupywsparcia.pl\/index.php\/wp-json\/wp\/v2\/types\/page"}],"author":[{"embeddable":true,"href":"https:\/\/lokalnegrupywsparcia.pl\/index.php\/wp-json\/wp\/v2\/users\/1"}],"replies":[{"embeddable":true,"href":"https:\/\/lokalnegrupywsparcia.pl\/index.php\/wp-json\/wp\/v2\/comments?post=91"}],"version-history":[{"count":46,"href":"https:\/\/lokalnegrupywsparcia.pl\/index.php\/wp-json\/wp\/v2\/pages\/91\/revisions"}],"predecessor-version":[{"id":670,"href":"https:\/\/lokalnegrupywsparcia.pl\/index.php\/wp-json\/wp\/v2\/pages\/91\/revisions\/670"}],"wp:attachment":[{"href":"https:\/\/lokalnegrupywsparcia.pl\/index.php\/wp-json\/wp\/v2\/media?parent=91"}],"curies":[{"name":"wp","href":"https:\/\/api.w.org\/{rel}","templated":true}]}}